 - 6 - 1) + -9
-8
What is the value of -4 + (5 + -1 - 5)?
-5
What is -80 - -79 - (-7 + -1)?
7
What is the value of 5 + (-10 - -5) + -5?
-5
(0 - -5) + 2 + (-32 - -30)
5
Evaluate 6 - ((-2 - -7) + -2).
3
Evaluate (-3 - -6 - 3) + 1 + -1.
0
What is the value of -1 + 3 - 4 - (2 - 4)?
0
What is (0 - 11) + 3 + 3?
-5
What is the value of 0 - 1 - (-8 + 8)?
-1
What is the value of -1 + -9 - (6 - 11)?
-5
Evaluate -5 - (-8 + (5 - 2)).
0
-3 - (0 + -3 + 8 + -3)
-5
What is the value of (-7 + 7 - 18 - -8) + 7?
-3
11 - 9 - -1 - 4
-1
Evaluate 3 + (4 - (10 - -1)) + 0.
-4
What is -6 + 6 - (0 - 3)?
3
What is 5 + (-19 + -3 + 9 - -6)?
-2
What is the value of -8 + 5 + 0 + -2 + -3?
-8
Evaluate 4 + -1 - (19 + -13).
-3
Evaluate (3 - 2 - 0) + 0 - 1.
0
Evaluate -1 + (-4 - (4 - 11)).
2
What is -24 - -34 - (3 + 6)?
1
What is -1 - 3 - ((12 - 6) + -9)?
-1
(-2 - -1) + -8 + 11 + -10
-8
Evaluate -3 + (2 - -5) - 2.
2
Calculate (3 - -5) + -9 + (-7 - -2).
-6
What is 0 + -4 + (8 - (6 - -1))?
-3
What is the value of -2 - (-2 + 2) - (4 + -5)?
-1
What is (-8 - -6 - -5) + -7 + 0?
-4
Calculate -3 + (-1 - 4) + (2 - -8).
2
What is the value of -2 + 10 + (-3 - 1)?
4
15 + -2 + -7 + -1
5
Evaluate 5 + (-10 - -3 - -12) + -13.
-3
Evaluate 7 + -8 - (17 - 9).
-9
Calculate 6 + (4 - 4) - 2.
4
Calculate 1 + (1 - (2 - (-1 - -5))).
4
(7 - (-8 - -10)) + -4
1
What is the value of -2 - ((-7 - -1) + -2)?
6
Calculate 3 - 10 - (39 + -41).
-5
Calculate (-2 - 0) + (-13 - -24) + -3.
6
Evaluate (5 - (-3 + 12)) + 0.
-4
Evaluate 2 - (3 + (4 - 1)).
-4
Calculate -1 - ((-1 - -1) + -3) - 5.
-3
What is the value of (-20 - -22) + 1 + 0?
3
What is the value of -6 - (7 - (3 - -8))?
-2
(5 - 2) + (-3 + 9 - 3)
6
5 + 8 + 5 + -12 + -2
4
Evaluate -10 + 11 + 0 - (6 + -2).
-3
What is 3 + 1 + -8 - (-1 + 0)?
-3
Calculate (-6 - (-7 - -1)) + (0 - 6).
-6
Calculate (20 - 19) + -4 + 3.
0
What is the value of 1 - 2 - (-3 + 2) - -1?
1
What is 8 + (6 - -8 - 18)?
4
11 + (-12 - -10) - 13
-4
What is the value of 4 + (-4 - 11) + 5?
-6
What is -5 - (2 + (-8 - -4))?
-3
Calculate -26 + 29 + 1 + -8 - -7.
3
6 - (-3 - 0 - -9)
0
4 - (0 + 2 + -3 + 0)
5
Calculate 3 + (1 - (5 + 0)).
-1
Evaluate -11 - (7 + (7 - 18)).
-7
What is the value of (-6 - -10) + (-2 - 2)?
0
What is the value of (3 - -3 - 5 - 0) + 2?
3
What is the value of (5 + -7 + -8 - -5) + 6?
1
What is the value of (-25 - -22) + (1 - -7)?
5
Evaluate 8 - (6 - (-7 - -9)).
4
Calculate (-8 - -19) + -17 + 11 + -1.
4
17 + (8 + -13 - 4)
8
Calculate 4 + (-4 + (-3 - -6) - 3).
0
What is 7 + (-6 - -5) + -6?
0
What is 3 + ((-14 - -5) + 12 - -4)?
10
Calculate 7 - 0 - (33 - 24).
-2
Calculate 1 + -5 - (-1 - 2).
-1
-2 + (0 - 1) - (-110 - -112)
-5
Evaluate 0 - -12 - (71 - 55).
-4
Evaluate 1 + 0 - (6 - 3 - 7).
5
-12 + 11 - (2 + -10)
7
What is 4 - ((2 - 1) + 4 + -4)?
3
Evaluate -12 - (-5 - (13 + -3)).
3
-6 + 4 + (-6 - -1)
-7
(3 - -4) + 35 + -47
-5
Evaluate -1 + 0 + -2 + 2 - 3.
-4
Evaluate -1 - (0 - 4) - (3 - -3).
-3
What is the value of (32 - 24) + (-10 - 2)?
-4
What is the value of 3 - (-4 - -1) - (-1 - -4)?
3
What is the value of -1 + (8 + 3 - 5) + -6?
-1
What is -2 + 0 - (-1 - -9 - 3)?
-7
What is the value of 27 + -10 + -11 - (-1 + 2)?
5
What is -2 + 6 - ((1 - 0) + -1)?
4
Calculate 2 + 8 + (1 - 9).
2
Calculate (-6 - -4) + 1 + (-1 - -4).
2
What is the value of 6 + -11 + (0 - -3)?
-2
What is -6 + (-4 + 1 - (5 - 8))?
-6
Calculate -7 + 11 - (0 + 0 + -1).
5
Calculate 3 - (3 + -4 + 0).
4
-4 + 6 + -4 - -7
5
What is the value of 6 - 7 - (-3 - -2)?
0
What is the value of 1 - -2 - ((0 - 0) + 2)?
1
Evaluate -1 + 4 - -1 - 7.
-3
Calculate 0 - 3 - (-39 + 34).
2
Evaluate -13 + (10 - (-11 - 0)).
8
Calculate 2 + (-2 - 3 - -2) - 0.
-1
What is 1 + -13 + -1 + 7 + 0?
-6
-8 + (0 - (3 + -7))
-4
What is the value of (0 - -1) + (-10 - -9) + -4?
-4
Evaluate 1 + -3 + 3 + 2 - 3.
0
Evaluate -2 - (5 + (-1 - (5 + -1))).
-2
-6 + -5 + 2 + 7 + 9
7
0 + 1 + 0 - 6
-5
Calculate 42 - 31 - (0 - -7).
4
What is -6 + 13 + 2 - 6?
3
What is the value of 2 + (-5 - (-1 + 2))?
-4
What is -2 + 3 - 1 - (-8 - -13)?
-5
What is the value of -5 - (-1 + 2 + -5 + 2)?
-3
Calculate 2 + -3 - -2 - 7.
-6
(0 + -4 - -1) + -1 + -5
-9
Evaluate 3 + -5 + 5 + -4.
-1
What is the value of -4 - (-2 - -9) - (-3 - -2)?
-10
1 - (-3 + -1 + 4)
1
Calculate 1 - (2 - (5 - 4)).
0
What is the value of (1 - (0 - -1)) + 1 + -1?
0
What is the value of -1 + -1 + (1 + -6 - -11)?
4
-3 + (12 + -4 - 4)
1
3 + -5 + 11 - 4
5
What is -2 - (-8 + 2) - -5 - 5?
4
Calculate (-1 - -1) + (-8 - -5) + 8.
5
What is the value of 2 + (-8 - -1) + 10?
5
What is -3 + 0 + 4 - (-1 + 0)?
2
Evaluate (1 - -4) + (1 - (-17 - -14)).
9
Calculate 14 - 13 - (8 - 0).
-7
Evaluate (-2 - 1) + 1 + 6.
4
What is the value of -8 + (9 - (4 - (-6 + 5)))?
-4
2 - (6 - 4 - (1 - -3))
4
Evaluate -5 + -9 + 13 + 4 + -2.
1
(-5 - -10) + 2 + -3
4
Evaluate 2 + -3 + (0 - 1 - -1).
-1
Evaluate -3 - 0 - (-3 - 1).
1
Evaluate -26 + 32 - (0 - (0 - 1)).
5
What is the value of -4 - 0 - (-58 - -50)?
4
2 + (0 - 1 - (-8 - -11))
-2
2 - (-1 + 1) - (3 - 3)
2
What is -3 - (7 - 1 - 15) - 10?
-4
-2 + 4 + -2 - -2
2
-4 + 3 + -4 + (-3 - -3)
-5
What is -4 + (11 - 5 - 2)?
0
What is -3 - -1 - (-2 + 10 - 5)?
-5
What is 3 - ((2 - (1 - -4)) + 9)?
-3
6 + -1 - (-6 + 9)
2
Evaluate 12 + -4 + 1 + -4.
5
Evaluate -4 - (-5 + -6 + 11).
-4
What is 7 + -11 + 6 + -3?
-1
What is the value of -9 + (-2 - (-7 + (4 - 8)))?
0
What is (-29 - -24) + 5 + 0?
0
Evaluate 5 + -2 - (-9 + 14) - 6.
-8
4 - (-2 + 6) - 3
-3
Calculate 4 + -5 - 0 - 4.
-5
What is 4 + 4 + -10 - 2?
-4
What is -7 - (-8 + 1) - 1?
-1
What is 6 + (-2 - -1 - 4)?
1
What is the value of -2 - (-2 - 5 - 0)?
5
(-1 - -1) + -1 + -4
-5
Calculate (0 - -3) + 186 + -186.
3
Calculate 5 + (-4 - 1) + (22 - 22).
0
Calculate 7 + -8 - (-1 + (1 - 4)).
3
What is the value of 0 - (10 + 2 - 10)?
-2
Calculate 7 + -2 - (17 - 14).
2
What is 1 + (-3 - -1 - -4) - 2?
1
What is -2 + -1 + 2 + -2 - -5?
2
6 - (0 - -2) - 7
-3
What is the value of -2 + 8 + (-13 - -9) + 4?
6
What is the value of -1 + (-2 - -1 - 5) + 3?
-4
Calculate (3 - (-9 + 2 - -7)) + 6.
9
2 + -5 + 3 + -1
-1
Calculate 3 - 2 - 2 - (-1 + 0).
0
What is (14 - (6 + 0)) + -3?
5
Calculate -3 + 2 + (-4 - -8) + 2.
5
What is -6 + 1 - (-42 - -41)?
-4
What is the value of -7 - ((14 - 7) + -6 - 5)?
-3
Calculate 5 + 0 + -2 + 1.
4
Evaluate (6 - (12 + 0)) + 6.
0
Calculate -4 + (0 + 6 - (13 + -13)).
2
What is the value of 3 + 2 + -1 + (4 - 6)?
2
Calculate -3 + 8 + (-8 - 0) + 2.
-1
What is -1 - 1 - -4 - 1?
1
Calculate 8 + -8 - (6 + -3 + 1).
-4
Calculate 1 + 2 - (7 - 7).
3
Evaluate 0 - -4 - (18 - (3 - -19)).
8
Calculate -5 - -7 - ((-1 - 4) + 4).
3
-5 + -3 + (14 - (2 + 3))
1
Evaluate (0 - (-2 - (-7 + 6))) + 2.
3
Evaluate 7 + 0 + -12 + 7.
2
Evaluate -4 + -2 + 11 + -12 + 10.
3
What is the value of (2 - (-5 - -5)) + -1?
1
What is the value of (7 - 15) + 4 + -1 + 5?
0
Evaluate -1 - ((4 - 1) + 0) - -5.
1
Evaluate (-1 - 13) + (-26 - -46).
6
What is the value of (-4 - 3 - 7 - -6) + 3?
-5
What is -1 + 2 + 4 + -9?
-4
-2 + 3 - (-11 + 17)
-5
What is the value of -3 + 1 + -3 + (4 - 4)?
-5
6 - (2 - 0) - 7
-3
(1 - 9 - -1) + 7
0
What is the value of 2 + 0 + (-3 - (-4 + 3))?
0
(2 - -2) + -2 + -1
1
What is the value of -2 - 0 - -5 - (0 - -1)?
2
What is the value of 5 + -8 + 4 + 7?
8
What is -1 - (-3 - 1) - (5 - 5)?
3
Evaluate (2 - 0 - 4) + -3.
-5
-1 + -2 + 3 + -1
-1
What is the value of -11 + 13 + 5 + -15?
-8
What is the value of 2 + -2 + (-2 - -3 - -1)?
2
What is 11 - ((0 - -7) + -1)?
5
What is 0 + (2 - 3 - 2)?
-3
Calculate -1 - -4 - (-50 + 57).
-4
Evaluate 15 + -15 - (3 - -1).
-4
3 + (1 - -1) + -9
-4
(-1 - 3) + 0 - 0
-4
What is the value of 1 - (-4 - (-7 - 3 - -2))?
-3
Evaluate 4 - (-2 - -2) - (-7 + 7).
4
Evaluate 0 - (3 - 6) - 2 - -1.
2
Calculate 15 - (19 + -6 + -1).
3
Calculate 0 - (5 + 6 + 1 + -7).
-5
What is the value of (2 - 3) + 2 + (-9 - -17)?
9
-7 - (-2 + -4) - -5
4
Evaluate 9 + -12 + 1 + 7.
5
What is the value of (3 - -1) + -1 - (-2 + 5)?
0
What is the value of -2 + 4 - (-50 + 53)?
-1
What is -2 + 6 + (2 - (3 + 2))?
1
Evaluate -9 - (-1 - (-3 + 7)).
-4
What is the value of 0 - 2 - (-10 - 10 - -22)?
-4
(-15 + 24 - 13) + 2
-2
Evaluate (6 - 3) + -2 - 4.
-3
Calculate 5 - (2 - (-5 + 4)).
2
What is -5 + 2 + 7 + -9?
-5
What is -4 + 0 + (-6 - (-7 + 2))?
-5
Calculate -11 - -11 - (0 + -3).
3
Calculate 5 - (-4 + (9 - -4)).
-4
C